alculate the remainder when 2*(-5)/(-10)*86 is divided by u.
20
Suppose h - 11 = -0*h + 4*i, 8 = -2*i. Let v(u) = 6*u + 33. Let n be v(h). Suppose n = -7*r + 17. Calculate the remainder when r is divided by 2.
0
Let s = -5959 + 5990. Suppose -5*a = -513 + 68. What is the remainder when a is divided by s?
27
Calculate the remainder when (-1 + (4 - 5)*1)*331/(-2) is divided by 26.
19
Let q = 166 - 117. Calculate the remainder when (-7)/(14/(-10))*(-94)/(-5) is divided by q.
45
Let i(f) = -f**3 - 16*f**2 - 6*f + 12. Let x be i(-15). Let z = -78 - x. Calculate the remainder when z is divided by 29.
16
Let m(l) = -l + 65. Suppose 0 = -2*o + 4*f + 88, -3*o - 5*f = -0*f - 99. Let v = o - 32. What is the remainder when m(14) is divided by v?
3
What is the remainder when (18 + (-616)/33)/((-2)/126) is divided by 32?
10
Suppose 4*r - 10 - 27 = 3*m, 5*r - 3*m = 44. What is the remainder when (-1)/(((-56)/712)/r) is divided by 15?
14
Let s = -22 - -62. Let u(b) = -b**2 + 274*b - 16721. What is the remainder when u(94) is divided by s?
39
Let n = -1712 + 2044. What is the remainder when 1271 is divided by n?
275
Let v be 3/((-54)/(-660))*3 - 6. What is the remainder when 126/(-5)*(-260)/v is divided by 43?
20
Suppose -q - 20853 = -22*q. Calculate the remainder when q is divided by 4.
1
Suppose 0 = -5*g + 5*j + 90, 41*j + 8 = 43*j. Calculate the remainder when (-2)/((-2)/51) + 3 is divided by g.
10
Let y(b) = -113*b**2 + 22*b + 17. Let g(m) = -56*m**2 + 11*m + 8. Let c(q) = 5*g(q) - 3*y(q). Calculate the remainder when c(-1) is divided by 8.
3
Suppose 14*r + 3*c + 2423 = 16*r, -3*c = -5*r + 6089. What is the remainder when r is divided by 34?
32
Suppose 0 = -2*r - f + 83, f + 4*f = -2*r + 63. Suppose 14 - 34 = -5*a. Suppose -2*w - r = -a*l, l + 2 - 16 = 2*w. What is the remainder when l is divided by 8?
2
Let t = -3282 + 3485. What is the remainder when 443 is divided by t?
37
Let l be -6 - 3*(-3 - 86/(-3)). Let h = l - -348. Calculate the remainder when h is divided by 45.
40
Suppose 240*j - 86925 = 280755. Calculate the remainder when j is divided by 55.
47
Let k = 63 - 67. Let y be -1 + ((-9)/3*1 - k). What is the remainder when 280/105*(y - (-18)/4) is divided by 4?
0
Let r(i) = -2*i**2 - 24*i - 14. Suppose -85 = -10*k - 285. Let m be r(k). Calculate the remainder when 3*(2 + m/(-6)) is divided by 25.
23
Suppose -6*o - 12*o = -342. Let c be 14/3 + (-2 - 4/(-3)). Suppose 3*q - 4*v = 27, -2*q - c*v = -0*q + 2. What is the remainder when o is divided by q?
4
Suppose 1848 = 92*q + 468. Let v(g) = 2*g - 26. Calculate the remainder when q is divided by v(18).
5
Suppose -r - 174 = -30*r. Calculate the remainder when (-1)/((-4)/108)*4/r is divided by 10.
8
What is the remainder when 202 is divided by (88/(-440))/(2/(-1010))?
0
Let k = -1308 - -1374. Calculate the remainder when 2242 is divided by k.
64
Let t(p) = -p**2 + 39*p - 200. Suppose 90 = 4*s - 286. What is the remainder when s is divided by t(32)?
22
Let f = 54 + -39. Let d(z) = 36 - 3*z - 37 + 21. Calculate the remainder when d(-12) is divided by f.
11
Let j(f) = f**3 + 7*f**2 - 13*f + 21. Let o be j(-7). Suppose -6*d - o = -5*u - 5*d, -5*u = -5*d - 100. What is the remainder when 159 is divided by u?
21
Let a(z) = -z**3 - 4*z**2 + 4*z - 114. Let n be a(-12). Suppose -23*h = -620 - n. What is the remainder when 264 is divided by h?
54
Let i(y) = -13*y - 8. Let t be i(-1). What is the remainder when (10*-51*t/(-30))/1 is divided by 49?
36
Calculate the remainder when 3*66/36*8 is divided by -1 + 1/(4/160).
5
Let j(u) = 7*u - 21. Let v be j(12). Let l = v + -60. Suppose 5*h - 90 = -2*r, r = -5*h + l*r + 90. What is the remainder when 34 is divided by h?
16
Suppose -j + 8 - 102 = 0. Suppose -2*c - 7*l + 11*l - 6 = 0, 0 = -5*l + 10. Calculate the remainder when j*((-2)/c + 15/10) is divided by 6.
5
Let w(h) = -h**3 + 8*h**2 - 5*h - 3. What is the remainder when (-114)/4*(63/27 + -5) is divided by w(6)?
37
Let l = 64 + -60. Suppose 0 = -l*k + 157 + 251. Suppose -k = -33*f + 31*f. What is the remainder when 203 is divided by f?
50
Suppose 3*u + u = 108. Suppose 7*i = 8*i - 4*f - 144, 3*f + 441 = 3*i. What is the remainder when i is divided by u?
13
Let p be -3 + (5 - 1)/1 + -1. Suppose -g + 5 = -p*g. Let q(f) = f**3 - 4*f**2 - 4*f + 3. What is the remainder when q(g) is divided by 5?
3
Suppose 16 = 2*a + 2*a. Let c(t) = 5*t**2 - 3. Let f(s) = -s + 8. What is the remainder when c(a) is divided by f(-8)?
13
Let s = 2944 + -2838. Calculate the remainder when 210 is divided by s.
104
Suppose -x = 3*d - 2631, 38*d - 1782 = 36*d + 4*x. What is the remainder when d is divided by 68?
63
Suppose 0 = -3*m + 5*g + 1433, 3*g + 806 = 3*m - 625. Let z = m + -281. What is the remainder when z is divided by 26?
13
Suppose -104*i - 6*i - 345 = -3755. What is the remainder when 67 is divided by i?
5
Let x be 18/7*(-14)/(-4). Suppose 15*h - 72 = x*h. Calculate the remainder when h is divided by (-3*1 - -2)*-3.
0
Suppose 425 = 6*s + 1481. Let p = -157 - s. What is the remainder when (-74)/((-6)/3 + 1) is divided by p?
17
Suppose 242*z = 267*z - 1225. Calculate the remainder when 342 is divided by z.
48
Let r = 21 - 10. Let a = 46 + -41. Suppose a*w = -3*y + 2*y + 9, 3*y - 49 = -4*w. Calculate the remainder when y is divided by r.
8
Let t = -2 - -48. Suppose 0 = -4*y + 2*g + t, 4 = 4*g + 8. Calculate the remainder when 118 is divided by y.
8
Let c(i) = -9*i - 63. Let k = -43 + 29. Calculate the remainder when c(k) is divided by 4/18 - 196/(-9).
19
Suppose 2*z - 3*o = -276, -5*o - 195 - 257 = 3*z. Let t(p) = p**2 + 37*p + 21. Calculate the remainder when t(-40) is divided by ((-2)/4*1)/(2/z).
33
Suppose 3*f - 13 = 203. Suppose -75 = -c - f. Suppose 39 = c*g + 6. Calculate the remainder when 38 is divided by g.
5
Let w be (-420)/(-72) + 3/18. Suppose 2*x - 14 - w = 0. Calculate the remainder when 51 is divided by x.
1
Suppose -3*r + 5*q = -45, 2*q - 43 = -4*r + 17. Let j be ((160/r)/(-8))/(2/18). Calculate the remainder when 3/(j/(-8)) - -72 is divided by 13.
9
Let d(o) = -3*o - 8. Let c(w) = w + 1. Let y be (-3)/(-12) + 7/4. Let a(v) = y*c(v) + d(v). What is the remainder when 14 is divided by a(-12)?
2
Suppose 2*r - 3 - 7 = 0. Let j(f) = 10*f - 221. Let a be j(-11). Let w = 334 + a. What is the remainder when r is divided by w?
2
Suppose 15*n + 2616 = 7*n. Let z = 342 + n. What is the remainder when 190 is divided by z?
10
What is the remainder when (1/(20/3085))/((-3)/(-12)) is divided by 154?
1
Let l(n) = 2*n**3 - 3*n**2 - 7*n. Let y(d) = -d**2 - 14*d - 42. Let g be y(-5). Calculate the remainder when 23 is divided by l(g).
5
What is the remainder when (-8)/2*((-26616)/816 - (-10)/85) is divided by 99?
31
Let g = 2240 - 1328. Suppose -41*i + g = -35*i. Calculate the remainder when i is divided by 32.
24
Let n(y) = 2*y**3 + 35*y**2 + 31*y - 22. Let b be n(-17). Let u = 293 + b. What is the remainder when 162 is divided by u?
30
Suppose 42*m + 221485 = 97*m. Calculate the remainder when m is divided by 13.
10
Suppose -c - 3*v = 2*c - 96, 98 = 3*c + v. Suppose -5*t + t = 16. Calculate the remainder when c is divided by 6/(-2)*(t - (-7)/(-3)).
14
Suppose 2*h + p - 1232 = -3*p, 0 = -2*h + 3*p + 1211. Suppose -5*v = -3*v. Suppose v*g - 5*g + h = 0. Calculate the remainder when g is divided by 31.
29
What is the remainder when (64 + -239)/((-3)/45) is divided by 26?
25
Suppose -21*z + 10 = -16*z. What is the remainder when 58 is divided by (-376)/(-470)*1/(z/55)?
14
What is the remainder when ((-1124)/36 - 0)/(10/30)*-78 is divided by 6?
4
Let n(b) = 6*b**2 - 7*b + 5. Let l be n(4). Suppose -4*k + 23 = -l. Let u = -334 - -401. Calculate the remainder when u is divided by k.
19
Suppose -540 = 341*n - 347*n. What is the remainder when n is divided by 23?
21
Let b(q) be the first derivative of 12*q**2 - 58*q - 88. What is the remainder when 73 is divided by b(4)?
35
Let u be (-18)/(-132)*-4*(-22)/4. Suppose -2*o - 32 = -3*g, o = u*g + 3*o - 40. What is the remainder when 35 is divided by g?
11
Suppose -1633*q = -1700*q + 53466. Calculate the remainder when 1620 is divided by q.
24
Let i be (-2 + -29)/(41/(-1886)). Suppose 39*v = 8*v + i. What is the remainder when 503 is divided by v?
43
Suppose 0 = 2*p - 17*p + 60. Suppose -12 = -